ue
Is 2*((-13)/((-78)/161541) - -5) a composite number?
False
Suppose 0 = -16*b + 484 + 4604. Suppose o - b - 16627 = 0. Is o prime?
False
Suppose -113 = -u - 4*z, 97 = u - 2*z - 10. Let y = -113 + 53. Let w = u - y. Is w prime?
False
Let b(j) = -36*j**3 + 3*j**2 + 3*j + 1. Let m(d) = -2*d + 34. Let y be m(17). Suppose y = -3*o + o - 2. Is b(o) a prime number?
True
Suppose 6 = -2*h, -4*s + 725009 = -5*h - 296458. Is s prime?
False
Let i(d) = 2*d**2 - 38*d - 36. Let m be i(20). Suppose -m*l + 4*a + 9296 = 0, -8*l + a + 11608 = -3*l. Is l a composite number?
True
Let t be (39/(-7) - -5) + (-108)/7. Let d be (t/6)/((-8580)/1431 - -6). Is (0 + 2 - 0) + (-3 - d) a prime number?
False
Suppose -3*l - 2214284 = -65*z + 60*z, -3*z - 3*l + 1328604 = 0. Is z prime?
True
Suppose -v + b - 99 = 0, 3*v - 2*b + 89 = -211. Is (-12)/v + 125747/17 a composite number?
True
Suppose -2*y + 17*w + 1558228 = 18*w, y - 779093 = 3*w. Is y a composite number?
False
Suppose 3*n - 336123 - 410626 = -r, r - 1244583 = -5*n. Is n prime?
False
Suppose 8 = 3*w - 6*w + 2*m, 5*w - 3*m = -12. Suppose w = 123*l - 113*l - 4890. Is l a composite number?
True
Suppose 13270271 = 75*z - 13903504. Is z a prime number?
False
Let c = 390 + -389. Is -41 + 39 + c*302/2 prime?
True
Let d(o) be the first derivative of -o**5/20 + 3*o**4/4 + o**3/6 - 13*o**2/2 - 23*o + 15. Let s(w) be the first derivative of d(w). Is s(-12) composite?
False
Suppose 0 = -k + n + 297737, 6*k - k - 1488685 = 4*n. Is k prime?
False
Let f(d) be the second derivative of 29*d**3/3 - 5*d**2 + 22*d. Let b be f(4). Is ((-102)/(-4))/3*b/3 prime?
False
Suppose 16*b + 287019 = p + 12*b, 4*p = -3*b + 1147924. Is p prime?
True
Let g(z) = 5*z**3 + z**2 + 3*z + 5. Suppose 4*m + 43 = 7*a - 2*a, 3*m = 5*a - 41. Suppose -y = 3*o - 10, 0 = -5*y + 3*o + 7 + a. Is g(y) composite?
False
Let o be 1 + (1 + 4 - 3). Suppose o*m - 9298 = -4*t, t - 848 = 2*m + 1471. Is t composite?
True
Let o = -2209 - -1396. Let f = 1366 + o. Is f a prime number?
False
Suppose 5*d - 13292 - 16328 = 0. Suppose 11*g - 7*g = d. Is (g/(-2))/(4 - 9/2) a prime number?
True
Let x(r) = -22547*r - 1538. Is x(-9) composite?
True
Suppose 26*t - 13590 = 16*t. Let c = t - -7. Is c a composite number?
True
Is (-84)/12 - -4 - -245516 prime?
True
Let p = -39 + 18. Let d = p - -81. Let r = 1603 - d. Is r a composite number?
False
Let q = 327 - 323. Suppose 0 = -m + 5*v + 36 + 7611, -30546 = -q*m - v. Is m composite?
True
Let n = -422 - -740. Let v = n + -61. Is v composite?
False
Let l(p) = 6*p - 20. Let q be l(4). Suppose -5*o + 25 = 5*u, -q*o = 5*u - 3*o - 21. Suppose 83 + 1013 = u*z. Is z a prime number?
False
Let y = 9358 + -3405. Is y a prime number?
True
Let g be (3/4)/((-2)/(-40)). Let u(k) = -4*k**2. Let m(y) = -3*y**2 + y - 1. Let o(d) = 5*m(d) - 4*u(d). Is o(g) prime?
False
Is (62 - -536183) + -1 + 15 a prime number?
False
Let h = -119 + 110. Let c be (h/(-18))/((-2)/12). Is c*(-1)/(-1 - -2) - -488 composite?
False
Is (2/(-2))/(((-3)/(-12))/(586510/(-40))) a composite number?
True
Suppose 4*q + 2*t - 20422 = 0, -q - 5*t + 8*t = -5102. Let b = q - 3514. Is b composite?
True
Let i(w) = 2*w + 18. Let n be i(-8). Suppose -n*s = -0*y - y - 2556, -3*y - 2560 = -2*s. Suppose -23*v = -22*v - s. Is v composite?
False
Let p(l) = 25*l**2 - 26*l - 20. Let g be p(36). Suppose -g = -a - 3*a. Is a composite?
True
Let p be (-4 + (7 - 3))*-1. Suppose 116*d - 128*d + 56652 = p. Is d a prime number?
True
Suppose 24*w - 293905 = 425447. Suppose 43*l - 66218 = w. Is l composite?
False
Suppose 0 = -22*j + 72*j - 1670050. Is j a composite number?
True
Let j be -1 + 596 + 1 + 0. Suppose -5*d = 4*k + 1, 14*k - 17*k - 18 = -2*d. Is (d/(12/j))/1 composite?
False
Let b(t) = 3937*t - 9767. Is b(58) prime?
True
Is 15324/240*-5*1*-1228 prime?
False
Let w = 15910 - -3277. Is w composite?
True
Let o = 62860 - -50395. Is o a composite number?
True
Let d(g) be the first derivative of -5*g**2 + 5*g + 10. Let n be d(1). Let z = n - -684. Is z composite?
True
Let z = 71327 - 47348. Is z a prime number?
False
Let l(n) = n**3 - 16*n**2 - 37*n + 35. Let z be l(18). Let w(y) = 3*y**3 + 6*y**2 - 42*y + 8. Is w(z) prime?
True
Suppose -h - 2*v + 54 = -0, 4*h = 5*v + 177. Suppose h*t - 2*t = 482126. Is t prime?
False
Let a(q) = -4*q**3 - 10*q**2 + 19*q - 56. Let v be a(-18). Suppose 5*r - v = -5*r. Is r prime?
False
Let i be (-3513298)/666 + (-2)/(-9). Let h = -932 - i. Is h prime?
False
Suppose -15 = h + h - 3*v, 4*h - 3*v + 15 = 0. Suppose h = -3*u + 9*u + 12. Is (0 - u)*1*(-1142)/(-4) composite?
False
Suppose -340*n = -349*n + 1515798. Is n prime?
False
Let c(r) = 20*r**2 - 13*r + 541. Is c(11) a composite number?
True
Let h = -225216 - -392917. Is h a prime number?
False
Let c(j) = -176*j - 21. Suppose -4*s + 3*o - 3 = 0, 0 = -5*o + 32 - 7. Suppose -s*b + 21 - 54 = 0. Is c(b) composite?
True
Suppose -4*p - 1609076 = -4*x, 4*x + 2413614 = 10*x - 2*p. Is x composite?
True
Let i = 4189 - 2550. Is i prime?
False
Let n = 990291 + -300094. Is n a composite number?
True
Suppose o = -2*t - 1 + 31, -t - 5*o = -6. Suppose -8*j = 5*y - 6*j - 1237, 0 = -4*j - t. Is y composite?
True
Suppose 146230 - 13752078 = -1247*y + 1111*y. Is y prime?
True
Let f = -146 - -101. Let m be (520/(-15))/(-8)*f. Let n = 446 + m. Is n a prime number?
True
Suppose -w + 5 = f - 3, 0 = 2*w - 8. Suppose -f*l + l + 3*r + 3 = 0, -3*l = -4*r. Suppose -l*o + 2554 = -2*o. Is o a composite number?
False
Let v(r) = -623*r. Let c = -99 + 106. Suppose 8*t = -c - 1. Is v(t) a prime number?
False
Let p(d) = -29684*d - 2355. Is p(-11) composite?
True
Suppose 5692 = a + 4*i, 0 = -a + i + 5454 + 223. Suppose 326 + a = 7*w. Suppose -14*d = w - 15628. Is d a prime number?
False
Let u be 6/(-2) - (-2855 - 19) - 4. Let x = 5698 - u. Is x a composite number?
True
Let l = 421 + -420. Is (8886/3)/((-4)/(-6)*l) a prime number?
False
Let h(l) = 10*l + 18. Let f be h(7). Let k = -84 + f. Suppose 0 = -5*r - 25, -k*n - 3*r = -0*r - 1645. Is n composite?
True
Let w(q) = -2*q + 3. Suppose 0 = -8*i + 3*i. Let a be w(i). Suppose x + 153 = 4*p, 12 = -a*p - 5*x + 121. Is p prime?
False
Let v(p) = -5161*p - 34. Is v(-3) composite?
True
Let m = -134176 + 223403. Is m a composite number?
False
Suppose -1871374 = -2*u + m, -37 = 2*m - 37. Is u a prime number?
True
Let o be (-1*20)/(-5) + -3. Let y be 80/(4/o)*2/5. Suppose 3*k = -3*i + 12345, -3*k + 5*k + y = 0. Is i a composite number?
True
Let g(l) = 4*l**3 + 46*l**2 + 16*l + 6. Let f be g(-11). Let q(r) = r**3 + 7*r**2 + 4*r - 7. Let h be q(-6). Suppose f = -h*v + 1027. Is v composite?
False
Let c(j) = -9*j + 108. Let q be c(12). Is (q + 1 + -83)/(34/(-2941)) prime?
False
Let q = 376 - 386. Is (q/((-160)/16408))/(3/6) a composite number?
True
Is (15*15/(-375))/((-6)/(-762830)*-1) composite?
False
Let j be 7763 + (-3 - -4) + -1. Suppose j = 3*c - 10393. Suppose -c = -k + 2691. Is k composite?
True
Suppose -4*s = -11 + 3. Let z = -2968 - -2970. Suppose 2*f + s*f - 4*t - 4256 = 0, 3*f - z*t = 3189. Is f a composite number?
False
Suppose 37*z + 1350 = -8*z. Is (-5412)/(-10) + 6/z prime?
True
Suppose 82*k - 104*k + 943514 = 0. Is k composite?
True
Suppose 4*s - 129883 = -3*t, -150*s + 5*t = -152*s + 64959. Is s composite?
False
Let l(j) = -5*j + 32. Let x be l(6). Let h(p) = 631*p**2 - 17 - 15*p - 12 - 585*p**x. Is h(-8) prime?
False
Let z(v) = 248508*v - 3187. Is z(7) a prime number?
True
Let s(c) = 5*c**2 - 13*c + 83. Let d(v) = -7*v**2 + 19*v - 125. Let n(y) = 5*d(y) + 8*s(y). Suppose -163 + 261 = -7*w. Is n(w) prime?
False
Suppose v - 4*f = -24, -6*v - 5*f + 33 = -8*v. Is (1/((-24)/(-21774)))/((-1)/v) prime?
False
Let y be (-9 + (-6)/(-2))/(3 - 5). Suppose -3*i = -y*a - 2475, 1625 = 2*i + 2*a + a. Suppose 4*f = 4*p + i, 2*f - 820 = -2*f + 3*p. Is f prime?
False
Is ((-80)/160)/(1/(-6) + 1562585/9375519) a composite number?
False
Let h(x) = 13655*x**2 + 161*x + 313. Is h(-2) composite?
True
Let g = 17060 - 12733. Is g a prime number?
True
Let x = 62000 + -16316. Suppose z - 6*p + 9*p = 45674, -5*p + x = z. Is z a composite number?
False
Let p be -4*(-4 + 647*(-3)/6). Let a = p + -411. Is a a prime number?
False
Let y(h) = 323*h + 290. Let m be y(46). Suppose 6*j = 2*j - o + m, 15148 = 4*j - 4*o. Is j composite?
True
Let 